 number?
True
Let v = 65 - -32. Is v composite?
False
Let q = 147 - -90. Is q a composite number?
True
Is 158*4/(7 + 1) a composite number?
False
Suppose 4*h - 2*p + p = 83, -2*h + 2*p + 34 = 0. Let b = 20 - 23. Let a = h + b. Is a a prime number?
True
Let a be (-1 - 0)/((-5)/220). Suppose -6 = 3*y - 3*d - 18, -3*y + a = 5*d. Is (-20)/(-3) - y/12 prime?
False
Suppose 3*u + 3*o = 147, -4*u = o - 14 - 194. Is u a composite number?
False
Let x(d) = -2*d + 2*d + 3*d**2 - 2*d - 2 - 3. Let t be x(-7). Suppose -2*v = -t + 18. Is v a prime number?
False
Suppose 0*w = w. Suppose w = 2*p + 5*j - 155, 3*p - 4*p = -5*j - 55. Suppose 3*t = -2*t + p. Is t a composite number?
True
Let b(f) = -f**3 + f**2 - f - 3. Let d be b(0). Is (d - -2 - 0)*-331 a composite number?
False
Suppose -h - 3*h = -2996. Is h a composite number?
True
Suppose -2*u + 9*c + 550 = 4*c, 4*c - 1309 = -5*u. Is u a prime number?
False
Is -1306*(0 + (-1)/2) a composite number?
False
Suppose 0 = z + z - 4. Suppose z*k + 5*a = 447, 0 = 3*k + 5*a - 470 - 188. Is k prime?
True
Let j = -615 - -1258. Let p(w) = -w + 1. Let f be p(-4). Suppose -4*z + j = 3*h, f*z - z - 608 = 4*h. Is z a prime number?
True
Let q be 165 + (2/(-2) - -2). Suppose 4*d - q = 182. Is d prime?
False
Let w(f) = 307*f**2. Is w(1) a composite number?
False
Let z = -2 + 2. Let g be ((-50)/20)/((-2)/172). Suppose 2*v = -3*p + 165, -4*p = -z*p + v - g. Is p prime?
True
Let l(r) = -r**3 + 18*r**2 - 16*r - 13. Is l(12) composite?
False
Let a(b) = b - 6. Let p be a(7). Suppose 0 = n - 1 - p. Suppose -3 + 108 = 3*k + 2*g, 70 = n*k + 2*g. Is k prime?
False
Suppose 5*t = -2*v + 2498 + 2195, 0 = 5*t + 5*v - 4690. Suppose -2*n = 3*h - 362, -5*n - h = -2*h - t. Is n composite?
True
Let z(j) = -j**3 - 6*j**2 + 13*j - 13. Suppose 0 = -2*x + 3*x + 10. Is z(x) a composite number?
False
Let h = 3264 - 2282. Is h a prime number?
False
Let y = -25 - -10. Is -4 - y*(2 - -15) composite?
False
Let t(m) = -m**3 + 4*m**2 - 2*m + 1. Let z be t(3). Suppose 4*n + 0 = -16, -z*u + 2*n + 4 = 0. Is 35 - 5 - 1*u prime?
True
Let l(k) = k**3 - 6*k**2 + 2*k + 1. Let z be l(3). Is (z/(-4))/(1/3) prime?
False
Let v = 8 - 5. Let o be (1/v)/(3/18). Suppose -o*g - 10 = -7*g. Is g prime?
True
Let y = -361 + 572. Is y a prime number?
True
Let s(t) = 12*t**2 + 6*t - 7. Is s(-5) prime?
True
Let m be 4/(-18) + 6324/27. Let z = -101 + m. Is z composite?
True
Let v = -11 + 15. Suppose 3*m = v*m - 2. Suppose 17 = q - m. Is q a composite number?
False
Let o(j) = -j**3 - 2*j**2 - 3*j + 1761. Is o(0) a composite number?
True
Let h = 69 + 73. Suppose -47 + h = j. Is j a prime number?
False
Let n be 3/((-18)/(-3))*-166. Let s = n + 138. Is s prime?
False
Suppose 5*u + 677 - 237 = 0. Let o = u + 215. Is o a composite number?
False
Let l be 18888/(-30) + 4/(-10). Let k = l + 1001. Is k a prime number?
False
Let b = -17 - -32. Let l be (6/(-15))/(1/b). Is 3/(l/(-134)) + -2 a prime number?
False
Suppose 3*z = 2*k - 5*k + 4683, 0 = 2*k - 3*z - 3142. Is k a prime number?
False
Suppose -3*d + 862 = -203. Is d a prime number?
False
Let k be (-636)/(-9) - 4/6. Let i = -37 + k. Is i prime?
False
Let y = 8 - 6. Let h be ((-6)/(-9))/(y/6). Suppose -h*a - m + 4 = 2*a, -5*a - 2*m = -2. Is a composite?
False
Let d(l) be the second derivative of -125*l**3/6 + l**2/2 + 6*l. Is d(-2) composite?
False
Suppose 2*c = 1673 + 207. Is -4*(c/(-16) + 3) a prime number?
True
Suppose 0 = z + 4, 0 = -5*s - 3*z - 0*z + 2453. Is s composite?
True
Let j(i) = 2*i + 8. Let p(z) = -2*z - 9. Let u(d) = -4*j(d) - 3*p(d). Let g be u(-4). Is 1 + (-9)/g*-26 prime?
True
Suppose 4*g - 493 = -5*a, -2*a + 196 = g - 0*g. Suppose -2*i + 3*i = a. Is i prime?
True
Let g = -2 - 2. Is (18/27)/(g/(-2406)) composite?
False
Suppose -6*h + 5*i = -h - 1665, 0 = 4*h - 2*i - 1328. Is h a composite number?
False
Suppose 3805 = 5*p - 4*s + 226, -5*p + 2*s + 3587 = 0. Is p a prime number?
True
Suppose -300 = -3*o - 0*o + 3*s, -o = -3*s - 110. Is o composite?
True
Suppose -f + 4*f = 0. Suppose 0*t - 3*t + 386 = 5*d, f = -2*d - 4*t + 146. Is d prime?
True
Suppose -4216 - 1047 = -3*d - 2*r, -2*d - 3*r + 3502 = 0. Is d prime?
False
Let j(a) = a + 14. Let i be j(-8). Suppose -4*f = 3*x - 73, 5 = -i*x + x. Is f a prime number?
True
Let n be 4/6*(-41 + 8). Let u = n - -41. Is u prime?
True
Let r be 0/(0/(-1) + 2). Suppose r = -0*u - 3*u + 39. Suppose 0 = -3*s + 2 + u, 5*n + 2*s - 265 = 0. Is n prime?
False
Let z(r) = 7*r**2 - 6*r + 3. Is z(4) composite?
True
Suppose 2*h + 2 = -5*x + 17, -4*h + 5*x + 75 = 0. Is h/(-10)*8/(-6) a composite number?
False
Suppose -2*b + 183 = b. Let q = b + -26. Is q prime?
False
Is (-55)/30 - (-2)/(-12) - -33 composite?
False
Let s(z) = 17*z**2 + 9*z + 21. Is s(-8) composite?
True
Let j = 3 + -3. Suppose 2*s + 3*s + 25 = j. Is 2/5 + (-633)/s a prime number?
True
Suppose 3*u = -4 + 1. Let p(t) = -34*t**2 + t - 2. Let l(y) = -135*y**2 + 5*y - 9. Let c(d) = 2*l(d) - 9*p(d). Is c(u) prime?
False
Suppose -4*s = 16, 4*u - 3*s + 8*s = 824. Suppose -i + u = -0*i. Is i prime?
True
Let j be (-121 + 0)*(-8)/(-8). Let n = -78 - j. Is n composite?
False
Let g(w) = 17*w**2 + 9*w - 5. Let k(f) = -f + 1. Let h(v) = g(v) + 4*k(v). Let r be h(-7). Suppose 5*p = -c + 1172, 5*p - 363 = -5*c + r. Is p composite?
True
Suppose q - 261 = 116. Is q a composite number?
True
Let k(n) = -10*n**2 - n. Let w be k(1). Suppose 14 = 2*y + 3*f, y - 4*f + 12 = 3*y. Is y*-1*w/2 a prime number?
False
Let i(k) = 62*k - 5. Is i(9) a composite number?
True
Suppose -2107 = -3*t + 1976. Is t a prime number?
True
Let r(l) = l - 14. Let f be r(11). Is 2/f*3798/(-12) a prime number?
True
Let d be (-2)/7 - 52/14. Is d/(-18) - (-770)/18 a prime number?
True
Let v = 1 - -2. Suppose -37 = 2*n - v*n. Is n composite?
False
Let h = -3 + 8. Suppose h = y - 4. Is 609/y - 2/3 prime?
True
Suppose -12 = 3*p, -k - 2*p + 5*p + 45 = 0. Is k a prime number?
False
Suppose 0*l - 2*l + 2362 = 0. Let w = l - 708. Is w a prime number?
False
Let j be 0 + 0/(-1) + 3. Suppose 764 = 4*s + n, 30 = -4*s - j*n + 794. Is s prime?
True
Let i(o) = 140*o**2 - 7*o - 11. Is i(-2) a prime number?
True
Suppose 4*y = 4, -4*t - 2*y + 89 = 3*y. Is t a prime number?
False
Let a = 420 - 119. Is a a prime number?
False
Let l = 29 - -134. Is l composite?
False
Let r = 3 - 7. Let c = -7 + 5. Is r/(-8) + (-21)/c composite?
False
Suppose 3*d + 425 = 2*j, -4*j + 139 = -d - 686. Is j composite?
True
Is 57/30*-2*-5 a prime number?
True
Let h be 3/(-4) - 614/(-8). Let x be 9/(-6)*-1*2. Suppose -j = x*j - h. Is j a prime number?
True
Let v = 3 + 1. Let g(d) = 14*d**2 + 2*d + 2. Let i be g(v). Let j = i - -33. Is j a prime number?
False
Let b be (-10)/(-8)*(-24)/(-6). Suppose -310 = -b*t + 5*i, 2*t = -0*t - 2*i + 108. Is t a composite number?
True
Suppose 0 = 2*h + 1 - 9. Let a(t) = -7*t + t + 1 - h. Is a(-3) composite?
True
Suppose 4*j - 1503 = j. Is (j/(-3))/(4 - 5) composite?
False
Suppose -3*s = 15, -2*y - 2*s = 3*y - 3650. Let z = -353 + y. Is z composite?
False
Is (5 + -6)/(2/(-1022)) a prime number?
False
Let v(d) = 52*d**2 - d + 31. Is v(-6) composite?
True
Let k = 1 - -8. Let w = 30 - k. Is w a composite number?
True
Suppose 4*a - 4*o - 12 = 0, -7*o = -2*a - 3*o + 10. Suppose a + 8 = -3*p, -50 = -5*c + 5*p. Is c prime?
True
Suppose 2*i = -2*z + 3*z + 1582, 2*z = 0. Is i a prime number?
False
Let i(q) = 7*q**3 - 9*q**2 + 5*q - 1. Is i(6) a prime number?
True
Suppose -6 = 3*k, 0*a - 3*a + 5*k = -532. Suppose 2*v - 56 = a. Is v composite?
True
Suppose -3*o + 4*k = -0*o + 68, -5*o - 70 = 2*k. Let b(h) = 2*h**2 + 3*h + 23. Is b(o) composite?
False
Let p = -9 - -11. Is p/17 - 9149/(-119) prime?
False
Let g be ((-8)/(-4))/((-2)/16). Let j be 4/g + (-1401)/(-4). Suppose -3*x + j = z, -61 = 3*x - 4*z - 386. Is x prime?
False
Suppose 2*o = -2*o + 2540. Is o a composite number?
True
Is (24/(-24))/((-1)/(1009 - 0)) composite?
False
Suppose 5*v = 3*c - 13134, v + 4379 = c - v. Is c a composite number?
False
Let h(r) = 107*r**2 + 5*r + 1. Is h(-2) a prime number?
True
Let w = 2 - 2. Suppose w = -5*m + 5*b + 185, m - b = b + 32. Suppose 358 = 4*h + m. Is h a prime number?
True
Let x(w) be the first derivative of 13*w**3 + w**2 + 2. Let u be x(-2). Let h = u + -101. Is h prime?
False
Suppose -4*o + 1212 = -5